 = 0. What are the prime factors of p?
2, 3
Let c be (-6)/(-14) - ((-3)/(-7) + -3). Let y = -284 + 664. Suppose c*f - 385 = 5*j - 0*j, 0 = -3*f + 4*j + y. List the prime factors of f.
2, 3, 5
Suppose 6*q - 11*q + 170 = 0. Let h be -2 + (q - (0 - 4)). List the prime factors of 6/(-3 + 5) + h.
3, 13
Let n(s) = -2*s**2 + 11*s - 17. Let j be n(2). What are the prime factors of (j - -17 - 5)*-15*-2?
2, 3, 5
Let k = -606 + 614. What are the prime factors of -7 + 4/(k/198)?
2, 23
Let p = 653 - 651. Suppose -4*d - 13 + 1 = 0, 2*w - 4*d = 52. List the prime factors of (1/p)/(w/8440).
211
Let u = -141 - -143. Suppose u*n - 4190 = -8*n. What are the prime factors of n?
419
Let m(p) be the third derivative of 15*p**4/8 - 103*p**3/6 - 3*p**2 - 27*p. List the prime factors of m(18).
7, 101
Suppose 5*s - 9 = 2*y, -y - 6 = 3*y + 2*s. Let z be 4*((-70)/20)/(y - -1). Suppose -z*t = -t - 403. What are the prime factors of t?
31
Let v = -67 - -76. Suppose 4*u - 5*s - 2624 = -v*s, 4*u = 2*s + 2648. What are the prime factors of u?
2, 3, 5, 11
Suppose -i + 0*i - 5*j = -391, 5*i - 2036 = 2*j. Suppose -i*g + 402*g + 1200 = 0. What are the prime factors of g?
2, 3, 5
Let q(j) = 74 + 42*j**2 - 8*j - 21*j - 40*j**2. What are the prime factors of q(23)?
3, 5, 31
Suppose 3*s + 105 = 8*s. Let a(k) = -k**2 + 30*k - 24. What are the prime factors of a(s)?
3, 5, 11
Let x = -46 - -16. What are the prime factors of 10/x - (-350)/6?
2, 29
Let d(o) = 2*o**3 + 85*o**2 - 58*o - 103. What are the prime factors of d(-43)?
2, 271
Suppose 645*d - 177969 = 640*d - 2*h, -35 = -5*h. What are the prime factors of d?
35591
Suppose 33*g - 112 = 26*g. Suppose g*x - 81 = 63. What are the prime factors of x?
3
What are the prime factors of (-59)/(531/(-362448)) - 18?
2, 3, 6709
Let x(o) = 2*o**3 + o**2 + 1. Let d(s) = 38*s**3 + 7*s**2 - 2*s + 3. Let b(r) = -d(r) + 5*x(r). List the prime factors of b(-2).
2, 107
Let n(r) be the first derivative of 1/2*r**2 - 1/3*r**3 + 4*r - 8*r**4 + 24. What are the prime factors of n(-2)?
2, 127
Let h be 4*((-30)/(-4) + (-2 - 0)). Suppose 267 = 7*o + h. List the prime factors of o.
5, 7
Let q(k) = 3*k**2 - 9*k + 22. Let r be q(-11). Suppose -5*m = -m - r. Let i = m + -32. List the prime factors of i.
89
Suppose -98*g + 48 = -92*g. Suppose 4*b + d - 1029 = 4019, -g = 2*d. What are the prime factors of b?
3, 421
Let o(v) = 42*v**2 + 10*v - 55. List the prime factors of o(-9).
3257
Let a(h) = -h**2 - 4*h - 18. Let p be a(-16). Let n be 17/(4*(-1)/28). Let l = n - p. List the prime factors of l.
7, 13
Suppose -127*v + 121543 = -1067304. What are the prime factors of v?
11, 23, 37
Suppose -3*s = 3*f - 117342, -235*f + 195588 = -230*f + 2*s. List the prime factors of f.
2, 3, 5, 163
Let o(k) = 13*k**2 + 102*k - 180. List the prime factors of o(26).
2, 5, 563
Suppose 5*s - 4*l - 109 = 2*s, 3*l + 74 = 2*s. Suppose -27*i + s*i - 1616 = 0. What are the prime factors of i?
2, 101
Suppose 3*f = 5*v + 40, 4*v - 2*f + f = -32. List the prime factors of ((-4)/v)/((-13)/(-21944)).
2, 211
Let s(j) = -32 - 32 + 120*j**2 + 51*j + 0*j**3 - 25 - 139*j**2 + j**3. List the prime factors of s(20).
11
Let d be ((-10)/15)/(1 + 1079/(-1077)). Let p = -218 + d. List the prime factors of (1*-1)/((-3)/p).
47
Let b(w) = 2*w**3 - 13*w**2 + 2*w + 20. Let k be b(6). What are the prime factors of (-10*k/6)/(26/3783)?
2, 5, 97
Let r be 3 - -2086*(-6)/(-12). Suppose 2*c - 5*q = -0*c + 34, -5*c = -4*q - 68. Suppose -r - 610 = -c*a. List the prime factors of a.
2, 3, 23
Let y = 168 - 166. Suppose -3*p = -u + 103, y*p = u - 45 - 61. What are the prime factors of u?
2, 7
Suppose -3*k + 164 = z, -k + 4*k = 5*z - 784. Let t = 405 + z. List the prime factors of t.
563
Suppose -5*r + 40 = 15, 0 = -4*k + r + 31843. What are the prime factors of k?
2, 3, 1327
Suppose -c - 10 - 16 = -3*g, 5*g - 38 = -c. Let d(f) = 5*f**2 - 19*f + 163. What are the prime factors of d(g)?
331
Suppose -f + v = -436 + 160, 0 = -3*f - 3*v + 816. Let r = -91 + f. List the prime factors of r.
3, 61
Let w be (13 - 7)/((-12)/(-236)). What are the prime factors of (1 + -1063)*w/(-177)?
2, 3, 59
Let d(m) = -m - 16. Let c be d(11). Let a = c - -23. What are the prime factors of (a - 81/4)*-4?
97
Suppose b - 1516 - 57 = -v, -2*b = 3*v - 3145. What are the prime factors of b?
2, 787
Let m(g) = 160*g**3 + 1. Suppose -2*s = 4*f + 3 + 5, 3*f = 3*s - 15. Let y be s/((-4)/(-3)) + 57/(-114). List the prime factors of m(y).
7, 23
Suppose 4*o + q = 85979, -3*o = 4*q - 35267 - 29201. List the prime factors of o.
2, 2687
Let m(n) = -3*n**2 + 4*n - 4. Let s(k) = -4*k**2 + 4*k - 2. Let z(g) = 5*m(g) - 6*s(g). What are the prime factors of z(4)?
2, 3, 5
Let k(h) = 20*h**2 - 43*h - 27. What are the prime factors of k(-6)?
3, 317
Suppose -32 - 224 = -64*d + 64. Suppose 0 = 3*v + 5*n - 338, -2*v - 356 = -5*v + 4*n. Suppose v = 3*p - d*x - 49, 0 = -x. List the prime factors of p.
5, 11
Let h be 4 + 0 - (23 - 1). Suppose 4*i - n = 83 + 16, -1 = -n. Let o = i + h. What are the prime factors of o?
7
Let f = 30 - 42. Let g be (8/f)/((-9158)/(-3054) - 3). Let w = g - 300. What are the prime factors of w?
11, 19
Let d(h) = h + 10. Let c be d(10). Let g be (143 - 1)*(c/5 - 5). Let m = -91 - g. List the prime factors of m.
3, 17
Let j = -8695 + 15891. Suppose -5*n + 4*h = -2365 - 6634, 0 = -4*n + 4*h + j. List the prime factors of n.
3, 601
Let p(a) = -a**3 - 14*a**2 - 20*a - 184. List the prime factors of p(-19).
3, 23, 29
Let w(c) = 2*c**2 + 47*c - 7. Let m be w(-23). List the prime factors of 285 - (2/(-10))/((-6)/m).
2, 11, 13
Suppose -2*l + 19085 = 3*o, -5*l + 6*l - 2*o - 9525 = 0. List the prime factors of l.
5, 1907
Let i = 22 + -17. Suppose i*k = 4*k + 71. Suppose -4*o = -o + 3*d - 177, -k = -o + 5*d. List the prime factors of o.
61
What are the prime factors of 82415/7 - (-39)/91 - (2 - -4)?
2, 1471
Suppose o - 6 = -10, 3*b + 3*o = 0. Suppose 0 = q - 0 - 3. Suppose -6*y - b*s + 56 = -2*y, -56 = -q*y + 4*s. List the prime factors of y.
2
Let q = -22 + 42. Suppose 6*u + q = 4*u. List the prime factors of u/(-45) - 1735/(-9).
193
List the prime factors of -9 - -19131 - ((-3)/5 + 51/(-15)).
2, 73, 131
Let s(o) = 30*o - 4. Let x be (4/3)/(4/30). Suppose -12 = 2*z - 6*z - a, -3*z = a - x. What are the prime factors of s(z)?
2, 7
Suppose -3*b = 4*x - 85062 - 31557, 17*x + 3*b - 495699 = 0. List the prime factors of x.
2, 3, 5
Suppose q - 7 = -2*k, 40 = 5*k - 0*k - 5*q. Suppose -3*f - 15 = -k*v + 2*f, 2*v - 2 = -2*f. Suppose 7*c - v*c - 345 = 0. List the prime factors of c.
3, 23
List the prime factors of (15174/(-27))/(5/(-20)).
2, 281
Let z(g) = g**2 - 34*g - 37. Let q be z(28). Let o = 892 + q. List the prime factors of o.
3, 229
Let h(z) = -z**3 - 14*z**2 + 27*z + 10. Let c be h(-16). What are the prime factors of -1*(-18)/6*c?
2, 3, 5
Let v(b) = 144*b + 258. What are the prime factors of v(-1)?
2, 3, 19
Suppose -28*b - 158*b - 34*b + 3038640 = 0. What are the prime factors of b?
2, 3, 1151
Suppose 34*c - 111*c + 8091024 = 41*c. What are the prime factors of c?
2, 3, 2857
Suppose 0*f + c - 24830 = -3*f, 3*f - 2*c = 24824. Suppose -4*k + f = 4*b, 3*b - 10337 = -2*b - k. Suppose 0 = -22*x + 9*x + b. List the prime factors of x.
3, 53
Suppose 8*b - 5*b + 242 = -i, -2*b = -2*i - 460. Let c = -130 - i. What are the prime factors of c?
103
Suppose -4*c + 2*b + 2*b = -188, -2*c - 4*b = -94. Let p = -47 + c. Suppose p = 13*x - 14*x + 53. List the prime factors of x.
53
Let c = 83 + -74. Suppose -7*b = -c*b - 90. List the prime factors of 1/((-4)/30)*1020/b.
2, 5, 17
Suppose 18*b - 19*b + y = -8, -b - y = 0. Suppose b*a - 2808 = -776. List the prime factors of a.
2, 127
Let y = 31 - -30. Let x = 13 + y. Suppose 155 = 4*z + w, 0*z + 2*z - x = -4*w. What are the prime factors of z?
3, 13
Suppose 2*z + 10 = -0*z. Let b be 6 - z*(-3)/15. Suppose -b*h + l + 3*l = -550, 555 = 5*h - 5*l. What are the prime factors of h?
2, 53
Suppose 3*f + 25 = -78*y + 85*y, 5*y - 51 = -2*f. Let o be (8 + -2)*2/3. List the prime factors of ((-2)/o)/((f + 1)/(-3726)).
3, 23
Let s(g) = 80*g**2 + 2*g - 8. Let d(w) = -4*w + 70. Let k be d(17). List the prime factors of s(k).
2, 79
Let y = -28 - -177. Let h = y - 98. Let k = h - 16. List the prime factors of k.
5, 7
Let i be 5*(-42)/(-30) 